78. Calculate the highest common divisor of i and 39.
39
Let r be (-3)/9 - (-1)/3. Suppose 5*y = 2*c - 58 + 8, r = 4*y - 16. Calculate the highest common divisor of 70 and c.
35
Suppose 5*x + 8*i - 3*i + 770 = 0, 2*x = 2*i - 316. Let h = x - -173. Calculate the greatest common divisor of h and 170.
17
Let t = -49 + 74. Let g be -1 + (-5)/(t/(-80)). What is the highest common factor of g and 75?
15
Suppose 0 = 2*q + q - 9. Suppose -u = 5*h - 48, 3*u = h - q*h + 131. Calculate the greatest common divisor of u and 43.
43
Suppose -3*f = 2*a + 2*f - 113, 0 = 3*a + f - 137. What is the highest common factor of a and 110?
22
Suppose -105 + 5 = -5*i. Suppose -5*m = -9*m + 200. What is the highest common factor of i and m?
10
Let j = -27 + 165. Suppose -3*s + j + 126 = 0. Calculate the highest common divisor of 11 and s.
11
Let z be (-771)/(-2) - (-2)/(-4). Let h = -1367 + 1402. Calculate the highest common divisor of h and z.
35
Suppose -5*k = -3*k + 22. Let x be 4 + -6 + 2 - k. What is the highest common divisor of x and 1?
1
Let u(h) = h + 14. Let l be u(-8). Let m = 188 + -122. Calculate the greatest common divisor of m and l.
6
Let o = 209 - 69. Let u(i) = -i**3 - i**2 - i - 1. Let v be u(-3). What is the highest common factor of v and o?
20
Suppose 0 = -3*k - 5*m - 1482, -6*m + 5*m = 0. Let y = k + 814. What is the highest common divisor of y and 40?
40
Let b = 40 - 42. Let w be (b - -3)*(7 + -3). Calculate the greatest common divisor of w and 10.
2
Suppose -4*s = 3*q + 123, -4*s + 4*q = q + 93. Let d = s - -56. Calculate the greatest common factor of 232 and d.
29
Suppose -3*a - 12 = -0*a. Let o = a - -16. What is the greatest common divisor of 18 and o?
6
Let w(m) = 3*m**2 - m + 9. Let c be w(3). What is the greatest common divisor of c and 165?
33
Let f = 683 - 573. Calculate the highest common factor of f and 1760.
110
Let k = 315 + -302. What is the greatest common factor of 39 and k?
13
Suppose -2*b = -0*y + 5*y - 41, -3*y = 3*b - 57. Let o(x) = 8*x**2 - 4*x + 1. Let c be o(4). Let k = c - 68. Calculate the greatest common factor of k and b.
9
Let h(a) be the third derivative of -a**4/6 - 13*a**3/6 + 5*a**2. Let z be h(-5). What is the greatest common divisor of 77 and z?
7
Suppose 2*x + 11 = 2*q - 3*q, 2*x = -2*q - 14. Let i be 0 + 3/3 + 8. Let h = q + i. Calculate the highest common divisor of 12 and h.
6
Let i(y) = -y**3 - 4*y**2 + 4*y - 7. Let k = -32 - -27. Let p be i(k). Let z be 1 - (p + 2 + -219). What is the greatest common divisor of 20 and z?
20
Suppose 4*c - 18 = -3*b + 470, 3*b - 113 = -c. What is the highest common factor of c and 15?
5
Suppose -5*z + 140 = 150. Let r(n) = n**2 - n + 3. Let b be r(-3). Let m = b + z. Calculate the greatest common factor of m and 117.
13
Suppose -3*w + 71 = 4*i, i - 5*w + 2*w = 29. Calculate the greatest common factor of i and 180.
20
Let u be 114/5 + -2 + (-20)/25. Suppose -5*p = -0*p - 20, -s + 3 = -3*p. Let a be (40/s)/(4/6). What is the highest common divisor of u and a?
4
Suppose 6*h - 2*h = 28. Suppose -h*r + 6*r = -252. What is the greatest common factor of 28 and r?
28
Let i = 7 + 7. Suppose -k - 2*n = -13, -2*n - 2*n = -4*k + 40. Let f(p) = 14*p. Let l be f(k). Calculate the greatest common divisor of i and l.
14
Let b(o) be the second derivative of o**5/20 - o**4/3 + o**3/2 - o**2/2 + 9*o. Let a be b(3). Let c = 24 + a. Calculate the highest common divisor of 92 and c.
23
Let o(f) = -f**3 - 31*f**2 + 12*f - 81. Let t be o(-33). Calculate the highest common factor of 63 and t.
63
Suppose -4*w + 40 + 80 = -4*b, 4*w - 138 = -2*b. Let o = w + -20. Suppose -19*y = -1558 - 171. What is the highest common divisor of o and y?
13
Suppose -2*x - 5*f + 17 = 0, 7 = x + 3*f - 1. Let q be (24/7)/(x/77). What is the highest common factor of 6 and q?
6
Let b be (3/(-1))/(6/(-94)). Let a = b + -26. What is the highest common divisor of 189 and a?
21
Suppose 0 = 2*a + 4, 1 = -2*w - 3*a - 9. Suppose -4*r + j = -j - 60, 0 = -5*r - 5*j + 45. Let q = r + w. Calculate the highest common factor of 110 and q.
11
Suppose 0 = 4*i - 8*i + 308. Suppose 4 - 15 = -d. Calculate the highest common factor of d and i.
11
Let u be 4/(-10)*-5 + 1. Suppose 5*p = -4*g + 68, -5*g = -4*g - u*p. What is the greatest common divisor of 24 and g?
12
Let s be 168/392 - 369/(-21). Suppose 0 = 3*y + 3 - 219. Calculate the highest common divisor of y and s.
18
Suppose 202*f + 132 = 208*f. What is the greatest common divisor of 18 and f?
2
Suppose -5*f + 5 = 0, -50 = -2*g - 4*f - 6. Let y = 266 - 86. Calculate the highest common factor of g and y.
20
Let u be -21*(-4)/(-6) - 3. Let i(w) = -w**3 - 16*w**2 + 12*w - 7. Let n be i(u). What is the greatest common divisor of n and 6?
6
Let a be 162/6 + (1 - -1*4). What is the highest common divisor of 4 and a?
4
Suppose 12*a - 7*a = 75. What is the greatest common divisor of 125 and a?
5
Suppose -4*g + 138 = 2*t, 2*g - g - 48 = -5*t. Suppose -4*m = -m - g. Suppose -y + m = 9. Calculate the greatest common divisor of 2 and y.
2
Let t(f) = 4*f - 6. Let j be t(3). Suppose -p - 5*s = j, -3*p - 2*s - 40 = 2*s. Let b = 2 - p. Calculate the highest common divisor of b and 126.
18
Suppose 16*r = 27*r - 2860. Calculate the highest common divisor of 208 and r.
52
Suppose 2*t = 13*u - 8*u - 10, -4*t = -5*u. What is the greatest common divisor of 7 and u?
1
Suppose 3*n = -4*v + 140, -175 = -5*v + 44*n - 47*n. Calculate the greatest common divisor of v and 15.
5
Let r = -216 + 388. Suppose 0 = -i + 257 - 214. What is the greatest common factor of r and i?
43
Let y = 497 - 467. Calculate the greatest common divisor of 900 and y.
30
Let z be (-4)/(-18) + 1430/45. Suppose 60*x - 4*n + 460 = 65*x, -x - 4*n + 76 = 0. Calculate the highest common divisor of z and x.
32
Suppose -5*y + w = 7, -3*y + 2 = 2*w + 14. Let k be 3 - 2 - (-4 + y). Let l = -3 + 10. What is the greatest common divisor of l and k?
7
Let n(r) = 30*r**3 + r**2 + 2*r + 1. Let x be n(2). Calculate the highest common divisor of x and 83.
83
Suppose 14 = -4*i + 2. Suppose 4*t = -t - 5. Let x be i + (9 - 3) + t. Calculate the greatest common divisor of 3 and x.
1
Suppose -17 = m + 4*l, -3*m - 3*l = -2*m + 12. Suppose 5*w - w + 178 = -2*d, -m*w + 6 = 0. Let y = 205 + d. What is the greatest common divisor of y and 14?
14
Let t(g) = 68*g - 384. Let q be t(11). Calculate the highest common divisor of 104 and q.
52
Suppose -3*o - 9*x + 1461 = -14*x, -3*x = -o + 483. What is the highest common divisor of 12 and o?
12
Let s = -441 - -463. Calculate the greatest common factor of 11 and s.
11
Let c be 775/50 - 3/6. Calculate the greatest common divisor of c and 235.
5
Let y be (-8)/(-3)*-154*(-18)/(-48). Let w = y - -231. Calculate the highest common divisor of w and 22.
11
Let f = 1894 - 1826. What is the greatest common divisor of f and 4352?
68
Suppose 0 = 4*k - r - 225, -2*k - 63 = -3*k - 2*r. Let y = k - 33. What is the greatest common divisor of y and 8?
8
Suppose 4*r = 4*q - 20, 0 = q + 3*r + 11 - 8. Suppose -5*s + 62 = q*u, u = s - 8 + 2. Suppose 0*m + 4*m - 8 = 0. What is the greatest common factor of m and s?
2
Let l(r) = -3*r**3 + r + 2. Let p be l(-2). Let k be (-2)/(-1) + 2 + -6. Let c = 34 - k. What is the highest common factor of p and c?
12
Suppose -2*a - 94 = -5*m + 40, -m - a + 31 = 0. Let q(w) = 2*w**2 + 15*w - 1. Let x = -20 + 12. Let n be q(x). What is the greatest common factor of m and n?
7
Suppose 5*p = -2*z + 18 + 32, 5*z = 4*p - 7. Let y be 318/4 + ((-119)/(-14) - p). What is the greatest common factor of 5 and y?
5
Let g be 1*23/(115/1500). What is the highest common divisor of g and 120?
60
Let f(o) = 3*o**2 - 3*o - 1. Let u be f(-2). Let q(i) = -2*i**2 - 27*i + 34. Let c be q(-5). What is the greatest common factor of c and u?
17
Let b = -11 + 20. Suppose 0 = -4*o + 3*r + 243, -7*o - 5*r = -9*o + 111. Calculate the highest common divisor of b and o.
9
Suppose -3*h - z + 6552 = 0, 5*h = 4*z + 5251 + 5652. Calculate the greatest common divisor of h and 59.
59
Suppose -95 - 22 = -j. Suppose -9*a - 21 = -6*a. Let f = a + 20. Calculate the greatest common factor of j and f.
13
Suppose 5*p + 444 - 1334 = 0. Suppose -y + 0*y = -4*s - 32, 0 = -5*y + 2*s + p. Calculate the highest common divisor of 12 and y.
12
Let t = -1362 + 